355 is divided by 81?
31
What is the remainder when 6097 is divided by 552?
25
What is the remainder when 814452 is divided by 170?
152
What is the remainder when 357956 is divided by 89?
87
Calculate the remainder when 224 is divided by 197.
27
What is the remainder when 1691 is divided by 213?
200
Calculate the remainder when 150408 is divided by 17.
9
What is the remainder when 367574 is divided by 183781?
12
What is the remainder when 1760 is divided by 562?
74
What is the remainder when 8718 is divided by 233?
97
Calculate the remainder when 754 is divided by 430.
324
What is the remainder when 32706 is divided by 442?
440
What is the remainder when 6971 is divided by 2298?
77
What is the remainder when 533803 is divided by 44?
39
Calculate the remainder when 770 is divided by 695.
75
What is the remainder when 504 is divided by 414?
90
What is the remainder when 130 is divided by 28?
18
What is the remainder when 15770 is divided by 1386?
524
What is the remainder when 30429 is divided by 1902?
1899
What is the remainder when 42790 is divided by 2507?
171
Calculate the remainder when 8836 is divided by 93.
1
Calculate the remainder when 1353968 is divided by 5.
3
Calculate the remainder when 4207 is divided by 1117.
856
What is the remainder when 27430 is divided by 108?
106
Calculate the remainder when 26123 is divided by 139.
130
What is the remainder when 948 is divided by 291?
75
Calculate the remainder when 434 is divided by 208.
18
What is the remainder when 11400 is divided by 464?
264
What is the remainder when 15715 is divided by 15710?
5
Calculate the remainder when 61430 is divided by 34.
26
What is the remainder when 3952 is divided by 104?
0
What is the remainder when 281203 is divided by 56233?
38
What is the remainder when 50049 is divided by 176?
65
Calculate the remainder when 1600 is divided by 922.
678
What is the remainder when 6314 is divided by 263?
2
Calculate the remainder when 62235 is divided by 389.
384
What is the remainder when 7169 is divided by 956?
477
Calculate the remainder when 1255 is divided by 1245.
10
Calculate the remainder when 22328 is divided by 163.
160
What is the remainder when 1449 is divided by 352?
41
Calculate the remainder when 509570 is divided by 169855.
5
What is the remainder when 279152 is divided by 86?
82
What is the remainder when 6691 is divided by 83?
51
What is the remainder when 77773 is divided by 3702?
31
What is the remainder when 10756 is divided by 5376?
4
Calculate the remainder when 2505 is divided by 2405.
100
What is the remainder when 36130 is divided by 314?
20
What is the remainder when 457157 is divided by 179?
170
What is the remainder when 21372 is divided by 334?
330
Calculate the remainder when 784 is divided by 749.
35
Calculate the remainder when 67301 is divided by 21.
17
What is the remainder when 4401 is divided by 515?
281
Calculate the remainder when 3746 is divided by 1240.
26
What is the remainder when 34764 is divided by 85?
84
What is the remainder when 30564 is divided by 2765?
149
What is the remainder when 270 is divided by 31?
22
Calculate the remainder when 714902 is divided by 58.
52
Calculate the remainder when 2043 is divided by 367.
208
Calculate the remainder when 73852 is divided by 123.
52
Calculate the remainder when 1951 is divided by 975.
1
What is the remainder when 4962 is divided by 51?
15
What is the remainder when 272438 is divided by 280?
278
What is the remainder when 207027 is divided by 14?
9
What is the remainder when 4349 is divided by 111?
20
Calculate the remainder when 4800 is divided by 4742.
58
Calculate the remainder when 40119 is divided by 20053.
13
What is the remainder when 8423 is divided by 114?
101
What is the remainder when 2501 is divided by 1198?
105
Calculate the remainder when 1346069 is divided by 43.
40
Calculate the remainder when 2321 is divided by 193.
5
Calculate the remainder when 116000 is divided by 6105.
5
What is the remainder when 95000 is divided by 222?
206
Calculate the remainder when 29745 is divided by 14863.
19
What is the remainder when 837322 is divided by 108?
106
What is the remainder when 731 is divided by 699?
32
What is the remainder when 277130 is divided by 13?
9
What is the remainder when 572834 is divided by 47736?
2
What is the remainder when 425986 is divided by 436?
14
What is the remainder when 146221 is divided by 26?
23
Calculate the remainder when 4668 is divided by 2278.
112
What is the remainder when 19413 is divided by 467?
266
What is the remainder when 585950 is divided by 48829?
2
Calculate the remainder when 2730 is divided by 63.
21
What is the remainder when 98434 is divided by 13?
11
What is the remainder when 258616 is divided by 11242?
50
What is the remainder when 113480 is divided by 113478?
2
What is the remainder when 2981 is divided by 53?
13
Calculate the remainder when 21586 is divided by 1798.
10
What is the remainder when 3562 is divided by 1781?
0
What is the remainder when 1452 is divided by 255?
177
What is the remainder when 27080 is divided by 138?
32
What is the remainder when 503 is divided by 55?
8
What is the remainder when 2400359 is divided by 31?
29
What is the remainder when 2343 is divided by 23?
20
What is the remainder when 1820 is divided by 168?
140
Calculate the remainder when 2181 is divided by 218.
1
Calculate the remainder when 1656 is divided by 34.
24
What is the remainder when 523604 is divided by 78?
68
What is the remainder when 99507 is divided by 238?
23
What is the remainder when 13432 is divided by 3357?
4
What is the remainder when 3549 is divided by 142?
141
What is the remainder when 1337355 is divided by 445779?
18
Calculate the remainder when 20367 is divided by 44.
39
What is the remainder when 79110 is divided by 232?
230
What is the remainder when 764229 is divided by 48?
21
What is the remainder when 354675 is divided by 652?
639
Calculate the remainder when 874 is divided by 182.
146
Calculate the remainder when 72008 is divided by 23985.
53
Calculate the remainder when 6036 is divided by 1992.
60
Calculate the remainder when 2449 is divided by 136.
1
What is the remainder when 59771 is divided by 102?
101
What is the remainder when 8106 is divided by 72?
42
What is the remainder when 8327 is divided by 1183?
46
Calculate the remainder when 87776 is divided by 19.
15
Calculate the remainder when 338039 is divided by 788.
775
What is the remainder when 76143 is divided by 29?
18
What is the remainder when 98479 is divided by 3939?
4
Calculate the remainder when 31640 is divided by 659.
8
Calculate the remainder when 6767 is divided by 2126.
389
Calculate the remainder when 64803 is divided by 589.
13
What is the remainder when 79 is divided by 61?
18
What is the remainder when 180274 is divided by 543?
541
What is the remainder when 63359 is divided by 1584?
1583
What is the remainder when 55155 is divided by 20?
15
Calculate the remainder when 14116 is divided by 23.
17
What is the remainder when 11274 is divided by 97?
22
Calculate the remainder when 333660 is divided by 163.
162
Calculate the remainder when 300826 is divided by 1106.
1100
Calculate the remainder when 1427 is divided by 862.
565
Calculate the remainder when 1857 is divided by 11.
9
What is the remainder when 882 is divided by 12?
6
Calculate the remainder when 7901 is divided by 20.
1
What is the remainder when 970 is divided by 395?
180
What is the remainder when 4607 is divided by 940?
847
What is the remainder when 3924 is divided by 1219?
267
Calculate the remainder when 194711 is divided by 1281.
1280
Calculate the remainder when 28996 is divided by 784.
772
Calculate the remainder when 6487 is divided by 1682.
1441
Calculate the remainder when 1963634 is divided by 383.
376
What is the remainder when 527290 is divided by 194?
192
What is the remainder when 59432 is divided by 33?
32
Calculate the remainder when 17317 is divided by 400.
117
Calculate the remainder when 15474 is divided by 304.
274
Calculate the remainder when 1229 is divided by 154.
151
Calculate the remainder when 2583 is divided by 1059.
465
Calculate the remainder when 267449 is divided by 789.
767
What is the remainder when 125684 is divided by 579?
41
What is 